 - 117916. Calculate the highest common factor of y and r.
82
Let c(h) = 72*h + 1044. Let w be c(-8). Calculate the highest common factor of w and 144.
36
Let m(k) = -k**3 + 6*k**2 - 7*k - 4. Let p be m(4). Suppose p = -0*d - 2*d + 56. What is the greatest common divisor of 84 and d?
28
Let s(r) = 20*r + 46. Let w be s(-5). Let d be (-890)/(-3) + (-18)/w. Calculate the greatest common factor of d and 27.
27
Let h = -67 - -18. Let j = -43 - h. Suppose -3*p = -0*p - 3, p - 217 = -4*y. What is the greatest common factor of y and j?
6
Let s(v) = v**2 + 5*v + 6. Let k be s(-4). Suppose 5*b - 4*d - 183 = 0, 3031 = 4*b - 3*d + 2883. Calculate the greatest common divisor of k and b.
1
Let o be (1/6 - (-119)/(-102))*-468. What is the highest common factor of o and 1287?
117
Let r = 49 + -49. Suppose -6*q + 3*q + 57 = r. Suppose x = 4 + q. Calculate the greatest common divisor of x and 92.
23
Let m(x) = 168*x**2 + 28*x + 168*x**2 - 7 - 6*x - 334*x**2. Let t be m(-14). What is the greatest common divisor of t and 11?
11
Let y be (6/(-14) - (-12)/28) + 5. Let o(a) = -y*a**2 + a**2 + a**3 - 5*a + 11*a - 3 - a. Let i be o(4). Calculate the highest common factor of 34 and i.
17
Let i be -1 + 39/33 - 3450/(-22). Let r = i - 148. Suppose 1 = -2*c + 3*m + 55, -2*c + 5*m = -54. Calculate the greatest common divisor of c and r.
9
Let n = -4794 - -5082. Calculate the highest common factor of n and 207.
9
Let l = 721 + -328. Let b = l + -363. Let r = -3 + 15. Calculate the greatest common divisor of r and b.
6
Let g be 0 - ((-14)/7)/(2/3). Suppose -155 = -6*o + o + h, g*o + h = 101. Calculate the highest common factor of 144 and o.
16
Let n(w) = -8*w - 53. Suppose 28*h = 29*h - 8. Suppose 2*c - h = -26. Let m be n(c). What is the highest common factor of m and 38?
19
Suppose 7*i + 1743 + 1106 = 0. Let w = -273 - i. What is the greatest common divisor of 603 and w?
67
Suppose 0 = s + 3*k - 129, 9*s = 6*s + 2*k + 409. Calculate the greatest common divisor of 29430 and s.
135
Let j be 7/(-2)*(6 + -12). Let v = -3 + j. What is the highest common divisor of 90 and v?
18
Let p(d) be the first derivative of -9 - 4*d + d**3 - 1/2*d**2. Let w be p(3). Calculate the greatest common divisor of w and 60.
20
Let n be (4/5)/((-1215)/175 + 7). Suppose 4*j = -s + 320, 3*s - 939 = -6*j + j. Calculate the highest common divisor of s and n.
14
Let t be ((-1295)/(-28) + -8)/((-1)/(-52)). Calculate the highest common factor of t and 351.
117
Suppose 7372*i - 324 = 3692*i + 3653*i. Let b be (21/28)/((-1)/48). Let l be 1/(-2) - b/8. What is the greatest common factor of l and i?
4
Suppose 6 = 3*s - s. Suppose 8 = s*b - 2*b. Let l = -174 + 175. What is the highest common divisor of l and b?
1
Suppose 554 = 7*i + 57. Let f(k) = -k**3 + 19*k**2 - 18*k + 53. Let a be f(14). What is the highest common divisor of a and i?
71
Let q(u) = -26*u**3 - 4*u**2 - 7*u - 5. Let m be q(-2). Let h = 107 - m. Let i = 105 + h. Calculate the greatest common factor of 121 and i.
11
Suppose 3*s + 91797 = -35*v + 40*v, 0 = -3*v + 15*s + 55131. What is the greatest common divisor of v and 422?
211
Let i(t) = -670*t**3 + 2*t**2 + 3*t + 1. Let o be i(-1). Suppose -4*u + o = u. Suppose 2*v - 76 = u. Calculate the greatest common factor of v and 15.
15
Let m be (-1 - -1) + (55 - -1). Suppose -t = 4*f - 1014, -428 = -2*f + t + 70. Calculate the greatest common factor of m and f.
28
Suppose 8511 + 9579 = 45*r. What is the highest common divisor of r and 30?
6
Let r be (6/4 - 1) + (-5)/(-2). Suppose r*t - 12 = -0*t. Suppose 0 = 2*a + 3*z - 7, 5*z = -4*a + 12 + 1. What is the greatest common factor of a and t?
2
Suppose 6*q = -104 + 1226. Suppose -t + 0*t = -q. Calculate the greatest common divisor of 17 and t.
17
Let j = 4380 + -3436. What is the highest common divisor of 2 and j?
2
Let z be (-1230)/(-9) + (-25)/15. Suppose 5*p = -q + 138, 3*p - 69 = 2*q + 2*q. What is the greatest common factor of z and p?
27
Let q(t) = -19*t - 534. Let h be q(-29). What is the greatest common factor of 3587 and h?
17
Let a = -20 - -31. Suppose a*s + 413 = 4*s. Let l = s + 137. What is the highest common factor of l and 26?
26
Let w(o) = 6*o**3 - 13*o**2 - 68*o - 9. Let h be w(15). What is the highest common divisor of 8 and h?
8
Let t = 1347 + -1303. Calculate the greatest common factor of t and 9.
1
Let l be 5/(-3 + 53713/17886). Let o = -1483 + l. Let j(s) = -s**2 - s + 13. Let x be j(0). Calculate the highest common factor of x and o.
13
Let x(b) = -b**3 - 41*b**2 - 195*b + 136. Let h be x(-37). Calculate the highest common divisor of h and 40.
5
Suppose -27*o + 34*o - 98 = 0. Suppose 4*j + o = -k + 161, -5*j - 3*k + 189 = 0. Calculate the highest common factor of j and 144.
36
Let j be -9*(6 + -3 + 185/(-15) + 0). Calculate the greatest common factor of j and 1281.
21
Let o = 197 + -204. Let d be 1/(1316/(-189) - o). What is the highest common divisor of 81 and d?
27
Let u(i) = -47*i**2 + 6 + 52*i**2 - 3*i**2. Suppose -2*a = -0*a - 12. Let q be u(a). What is the highest common divisor of 26 and q?
26
Suppose 65*q - 137*q = -183456. Calculate the highest common factor of 588 and q.
196
Suppose -3*k + 135 = 2*k. Suppose 0 = -4*f - 7 + k. Suppose 2*r - 15 = -y, -f*r + 4*y - 45 = -10*r. What is the greatest common divisor of 35 and r?
5
Suppose -37033 = -113*t + 181118 + 297129. Calculate the greatest common divisor of 3120 and t.
240
Let j be (-4 + 0)*(-6)/(-3 + 6). Let o be (j/(-10))/((-34)/2295). Calculate the highest common factor of 207 and o.
9
Suppose -118 = -4*a + 2. Let q = 1296 - 484. Let h be ((-1740)/q)/(2/(-14)). Calculate the highest common factor of a and h.
15
Let m be ((-5412)/(-220))/(4*(-3)/(-3540)) + 0. What is the greatest common factor of m and 615?
123
Let c(t) = t**2 + 70*t - 390. Let j be c(-82). What is the highest common divisor of j and 330?
66
Suppose -2*l = d - 1, -2*l + 3*d + 17 = 2*l. Suppose -2*i = 3*u - 0*u - 124, l*u + 48 = i. What is the highest common factor of 56 and i?
56
Suppose 0 = 83*a - 70*a + 1222. Let g = a - -140. Calculate the greatest common factor of g and 437.
23
Suppose 4*o + 2*k - 68 = 0, 2*o - 5*k = 61 - 15. Let g be 158 - ((-8)/(-6))/(5/(-15)). What is the highest common factor of g and o?
18
Let n = -580 + 2504. Suppose -h + 474 = -3*i, -3*h = h + 2*i - n. Calculate the highest common factor of h and 15.
15
Let l = 4981 + -4733. Calculate the highest common divisor of 682 and l.
62
Let i = 1661 - 1610. Calculate the highest common divisor of i and 19023.
51
Let t = 197 - 5. Suppose 0 = -t*r + 189*r + 3441. Calculate the greatest common divisor of 37 and r.
37
Let v be 6/14*(11 - 4). Let s be v/12 - (-2)/(-8). Let i be 3/(-9)*(s - 3). Calculate the greatest common divisor of 9 and i.
1
Suppose -b = -0*b + 3*s - 28, b - 2*s = 8. Suppose -8*z + 682 = -342. What is the greatest common divisor of b and z?
16
Suppose 2*b + 3*u = 111 + 20, -3*b + 195 = 4*u. Let f = b + -1. Calculate the highest common factor of 12 and f.
12
Let y(s) = -92*s - 874. Let b be y(-81). Calculate the greatest common factor of 88 and b.
22
Let o = -591 + 591. Suppose 64*w + o*w = 1664. What is the highest common factor of 338 and w?
26
Let y(r) = -8*r**3 - r**2 - 5*r - 10. Suppose -18*p = 26 + 10. Let s be y(p). What is the highest common factor of 45 and s?
15
Suppose o - 3*n = -7*n - 7, 4*n - 13 = -5*o. Suppose f = -o*a + 1104, -2*a + 6*a + 3*f - 881 = 0. What is the highest common factor of 117 and a?
13
Suppose -42455 = -47*i + 11501. What is the greatest common divisor of 42 and i?
14
Let k be 271 - 53 - (10 - -1). Calculate the greatest common divisor of 1311 and k.
69
Let p(l) = -94*l - 1873. Let t be p(-20). Let m(y) = 5*y**2 - 4*y - 1. Let x be m(-3). Calculate the greatest common divisor of x and t.
7
Let w(t) = -294*t**3 - 3*t**2 - 9*t - 33. Let v be w(-3). What is the highest common factor of 85 and v?
85
Let l = -191 + 255. Let t = -1991 + 2031. Calculate the greatest common divisor of t and l.
8
Suppose 3*z + 7 = v, 2*z + 4*v = 2*v - 18. Let m(j) = 4*j**2 + 5*j - 4. Let w be m(z). What is the greatest common factor of w and 15?
5
Let q be 18/72*(-8 + 84). Calculate the greatest common divisor of q and 3.
1
Let o(w) = -2*w**2 + 3*w - 6. Let k be o(7). Let p = 356 + k. Let j(v) = -171*v - 645.